late the highest common divisor of p and o.
19
Let u = -34 - -51. Suppose -2 = -5*m - 2*n + u, n - 7 = -2*m. Suppose 0 = m*k - g - 31, -4*k + 3*g + 12 = -g. What is the highest common factor of 35 and k?
7
Let w = -19 - -17. Let o be (-36)/6*w/3*6. Calculate the greatest common factor of 12 and o.
12
Suppose -4*y + 7*y = 27. Suppose h + y - 11 = 0. Suppose h*p = -5*m - p - 10, 3*p = -15. What is the greatest common factor of 9 and m?
1
Suppose -4*h = -0*h - 2*g - 34, -g + 25 = 5*h. Calculate the highest common factor of h and 216.
6
Let w(u) = -18*u. Let b be w(-1). Suppose 0 = -4*z + 4, v + v - 76 = -4*z. Calculate the greatest common divisor of b and v.
18
Suppose -14*k - 9 = -17*k. Let m(o) = k*o - 3 - 3*o - o + 0. Let v be m(-5). Calculate the highest common divisor of 10 and v.
2
Suppose 5*c - 364 = 26. Let p be (-1264)/(-212) + 42/1113. Calculate the highest common divisor of p and c.
6
Suppose 3*z - 162 = -3*g + 6*z, -5*g + 274 = -3*z. Let b(o) = 2*o**2 - 6*o + 6. Let f be b(4). What is the greatest common factor of f and g?
14
Let i = 4 + -2. Let w(c) = -c**2 - 19*c - 15. Let g be (5 - (2 - (1 - 2))) + -20. Let j be w(g). What is the highest common factor of j and i?
1
Let g(a) = 912*a - 22. Let q be g(2). Calculate the greatest common factor of q and 34.
34
Suppose -26*j = -16*j - 660. Calculate the highest common factor of 6 and j.
6
Suppose 2*u = 4*h - 7 + 3, -4*u - 4*h - 20 = 0. Let c be (-4 - u) + -1 + 6. What is the greatest common divisor of 45 and c?
5
Let d(v) = 3*v + 6. Let u be d(-6). Let m be 3/((-42)/35)*24/(-10). Let x be (m/u)/((-2)/380). What is the greatest common factor of 19 and x?
19
Let z(r) = 8 + 0*r - 8 + 48*r**2 - 4*r. Let s be z(-3). Suppose 5*u = -15, 0 = -4*n + 4*u - 72 + s. Calculate the highest common divisor of 10 and n.
10
Let s be 2674/5 - (-870)/725. Calculate the highest common factor of 16 and s.
8
Let u(m) be the first derivative of 20*m**3 + 1. Let k = -367 + 368. Let g be u(k). Calculate the highest common factor of 15 and g.
15
Let m(r) = 9*r - 3. Let j be (-2)/(-3) - 25/15. Let h(f) = -1. Let c(u) = j*m(u) + 12*h(u). Let z be c(-9). Calculate the greatest common factor of z and 8.
8
Let i = -7 - -23. Suppose -4*m + i + 16 = 0. Calculate the greatest common divisor of 8 and m.
8
Let g(h) = 3*h**2 - 5*h + 13. Let o be g(6). What is the greatest common divisor of o and 28?
7
Suppose -2*m + 107 = 3*h + 2*h, -2*h = -4*m + 226. Suppose -2*k + p + 50 = 0, m - 187 = -5*k + p. Calculate the greatest common divisor of 9 and k.
9
Suppose -6*f = -3*m - 2*f + 7, -2*m + 5*f = 0. Let z = 23 + -20. Suppose -z*o + 316 = m*b, -b + 0*b + 56 = 3*o. What is the greatest common divisor of 13 and b?
13
Suppose 2*y = -f + 5*f - 142, 179 = 5*f - y. What is the greatest common factor of 24 and f?
12
Let g = -191 - -221. Let s = 32 - 53. Let k = g + s. Calculate the highest common divisor of 9 and k.
9
Let j = -9 - -9. Suppose -m + 86 = g, 5*m - 3*g + j*g - 470 = 0. Calculate the greatest common factor of 13 and m.
13
Suppose 36 = 5*l + 5*o - 3*o, 5*o = -3*l + 14. Suppose 3*q - 22 = j, -8 = -2*q - 2*q - 4*j. Let x = q + l. Calculate the greatest common divisor of 35 and x.
7
Let u be ((-8)/(-6))/(32/3504). Let r = -82 + u. Calculate the highest common factor of r and 96.
32
Let v be 4/((-4)/(-15)) - 1. Suppose 2*o - 4*c - 24 = 0, 3*o + 5*c - v - 22 = 0. Calculate the greatest common divisor of 30 and o.
6
Let b(r) = r**2 - r - 3. Let p be b(4). Let j = -9 + p. Suppose j = 5*i + 5*u - 70, -4*i + 2*u + 53 = 3*u. What is the highest common divisor of 26 and i?
13
Let d(t) be the first derivative of 1/3*t**3 - 3/2*t**2 - 4*t + 5. Let g be d(-5). Calculate the highest common factor of 9 and g.
9
Let f(u) = -u**3 - u**2 - 9*u - 10. Let a = 27 + -33. Let m be f(a). What is the greatest common factor of m and 28?
28
Let q(a) = -2*a**2 + 36*a + 6. Let z be q(15). Calculate the highest common divisor of 216 and z.
24
Suppose -76*x + 17550 = -37*x. Calculate the greatest common factor of 60 and x.
30
Let o = 1507 + -1505. Let i = 10 + -4. Calculate the highest common divisor of o and i.
2
Let m = 48 + -55. Let w = m + 11. Calculate the greatest common factor of w and 6.
2
Let t be (4 + 112/(-49))/(2/21). Calculate the greatest common factor of t and 63.
9
Let k be 20/(-6)*(-18)/(-5). Let i = k - -36. Calculate the greatest common factor of i and 8.
8
Let l(h) = h**2 + 4*h + 4. Suppose 3*n + 8 = n. Let y be l(n). Suppose -3 = 3*v - y*b - 18, -39 = -5*v + 2*b. What is the highest common divisor of 72 and v?
9
Let m be 2/(-5) - (-222)/30. Suppose -2*x - 1 = -m. What is the greatest common factor of x and 3?
3
Let g be ((-100)/35)/(3/(21/(-2))). Suppose -g*v = -290 + 110. Let j = -3 - -9. Calculate the highest common divisor of j and v.
6
Let w(z) = z + 585. Let l be w(0). Suppose 4*s - l = -s. Let b = s + -57. Calculate the greatest common divisor of 12 and b.
12
Suppose 57 = 2*a - 29. Let r = 205 - a. What is the greatest common factor of 18 and r?
18
Let n = 16 + 19. Suppose -40 = -5*h + n. Let l = -7 + h. Calculate the greatest common divisor of 1 and l.
1
Let t(y) = 63*y + 30. Let n be t(1). What is the greatest common factor of n and 93?
93
Suppose -5*o + 187 + 313 = 0. Let x be 2/(-6) + (70/6)/5. Suppose 0*t - 52 = -3*t - x*r, 0 = -2*r - 8. Calculate the greatest common factor of t and o.
20
Let h(l) = 22*l**2 + 5*l - 6. Let b be h(1). What is the greatest common factor of b and 231?
21
Let v(a) = 9*a**2 + 4*a - 13. Let m be v(5). Let y = -124 + m. What is the highest common factor of 36 and y?
36
Let p(b) = 6*b**2 - 3*b - 6. Let c(f) = -2*f**3 - f**2 + 1. Let u be c(1). Let h be p(u). What is the highest common factor of 60 and h?
12
Let m be (-18)/12 - (-525)/10. Calculate the greatest common divisor of m and 17.
17
Let j(p) = 4*p**2 + 25 - 25 + 2*p. Let k be j(-8). Suppose 0 = -0*i - 4*i + k. Calculate the greatest common factor of i and 15.
15
Let s(r) = -75*r - 2. Let d be s(-2). What is the highest common factor of d and 222?
74
Let b be ((-12)/3)/((10/432)/(-5)). What is the greatest common factor of 96 and b?
96
Let z be 1*(-8 + (-125)/(-1)). Calculate the greatest common divisor of z and 65.
13
Suppose 129 - 153 = -j. What is the highest common factor of j and 744?
24
Let d(f) = 20*f + 2. Let k be d(5). Let s = 125 - 162. Let h = k + s. What is the greatest common divisor of 13 and h?
13
Suppose 0*i + u = -4*i + 12, -i + 20 = -4*u. Suppose 0 = -w - 2*j + 75, i*w = 4*j - 2*j + 300. Calculate the greatest common factor of 30 and w.
15
Let d(u) = -7*u + 17. Let n be d(-4). Let c = -26 + 35. Calculate the highest common divisor of c and n.
9
Suppose -3*l + 13 = -5*w, 3*l - 2*w = 5*l + 2. Let b be -3 + 2 + l + 21. Let q be (-2)/(-7) - 192/(-14). Calculate the greatest common divisor of b and q.
7
Let v = 1836 + -945. What is the highest common divisor of v and 198?
99
Let j(l) = 7*l**3 + 2*l**2 - 1. Let v be j(1). Suppose -5*w + 5 = -10. Let z be 112*(9/6)/w. What is the greatest common factor of v and z?
8
Let o(i) = -i**2 + 11. Let c be o(8). Let x = 211 - c. What is the greatest common divisor of x and 24?
24
Suppose -4*v = 3*k - 13 - 25, 2*k = -3*v + 28. What is the highest common divisor of 68 and v?
4
Suppose 256 + 3228 = 13*b. What is the greatest common factor of b and 4?
4
Let r be 1/1 - (-637)/91. Let j be (-255)/(-4) + 2/8. Calculate the greatest common divisor of j and r.
8
Let w(f) = -f**2 + 24*f - 69. Let t be w(5). Calculate the greatest common factor of 1378 and t.
26
Let n(l) = 6*l**2 + 3*l - 6. Let r = 38 - 42. Let w be n(r). What is the highest common factor of w and 13?
13
Let g = 37 + -35. Suppose 3*s + a = 45, 0 = 3*s - s - g*a - 22. Calculate the highest common divisor of 21 and s.
7
Suppose 313 = 4*r + 109. Let t = r - 33. Suppose -3*l + 270 = 2*l. Calculate the highest common factor of l and t.
18
Suppose -6*k + 677 = 2*g - k, 5*g - 3*k - 1770 = 0. What is the highest common factor of 13 and g?
13
Let g(p) = -21*p**2 + 7*p - 7. Let s be g(3). Let c = s + 183. What is the greatest common divisor of 128 and c?
8
Suppose 23*t - 11*t = 5292. What is the greatest common divisor of t and 126?
63
Let q(h) = -2*h**2 - 17*h - 6. Let u be q(-7). Let g be (8/(-6))/(10/u). Let z(j) = -20*j. Let c be z(g). Wha